on divisor of 140185 and 10547.
53
Calculate the greatest common divisor of 998195 and 9185.
55
What is the greatest common divisor of 629967 and 69687?
87
What is the highest common divisor of 891 and 2847555?
81
Calculate the greatest common factor of 160746600 and 60.
60
What is the greatest common factor of 7986442 and 4?
2
Calculate the greatest common divisor of 729 and 5779778085.
729
Calculate the highest common factor of 66867530 and 98198.
2654
What is the highest common divisor of 649584 and 78072?
24
What is the greatest common divisor of 13305422 and 29822?
962
Calculate the highest common factor of 45324 and 207.
9
Calculate the greatest common divisor of 877 and 133078611.
877
Calculate the highest common divisor of 62736 and 3553733.
1307
Calculate the highest common divisor of 48 and 151763880.
24
Calculate the highest common factor of 1976 and 57122018.
38
Calculate the highest common factor of 556 and 4636548496.
556
What is the greatest common factor of 636984 and 2268?
324
What is the greatest common factor of 110 and 9748915?
55
What is the highest common divisor of 6971049 and 1566?
783
What is the highest common divisor of 366893 and 13703?
193
What is the highest common factor of 1235 and 7377605?
95
Calculate the greatest common divisor of 20404 and 305.
1
What is the highest common factor of 14283 and 662877?
27
What is the highest common divisor of 7825 and 8445679?
313
Calculate the greatest common divisor of 29679 and 1737363.
2283
What is the highest common divisor of 177919939 and 11137?
1591
What is the greatest common divisor of 45499987 and 26?
13
Calculate the greatest common factor of 231700 and 193164980.
6620
Calculate the highest common divisor of 13852046 and 3.
1
What is the highest common factor of 13473309 and 1842?
921
Calculate the highest common divisor of 17743 and 1100.
11
What is the highest common divisor of 23095 and 10062715?
745
Calculate the greatest common factor of 6646570 and 140.
70
What is the greatest common factor of 13382894 and 8516?
4258
Calculate the highest common divisor of 32837386 and 1934.
1934
What is the greatest common factor of 20269195 and 3565?
155
Calculate the highest common factor of 10755 and 2446380.
45
What is the highest common factor of 783 and 549521?
29
Calculate the greatest common divisor of 540 and 1112316.
12
Calculate the highest common factor of 381132 and 902.
2
What is the greatest common factor of 880452 and 77998?
1322
Calculate the greatest common divisor of 647398 and 4.
2
What is the highest common factor of 1059870 and 304290?
1470
Calculate the greatest common factor of 600 and 6872280.
120
What is the greatest common factor of 3292562 and 126854?
182
What is the highest common divisor of 88550 and 99015?
805
What is the highest common divisor of 403 and 71287631?
31
Calculate the greatest common factor of 5727483 and 4002.
69
Calculate the highest common factor of 40392 and 6597972.
612
Calculate the greatest common divisor of 124096 and 29248.
64
What is the highest common divisor of 2476218 and 186?
186
What is the highest common factor of 15 and 750486345?
15
Calculate the greatest common divisor of 14 and 57121253.
7
What is the greatest common divisor of 185 and 380706505?
185
Calculate the highest common factor of 899 and 104464699.
899
What is the highest common divisor of 4807 and 1612226?
209
What is the highest common factor of 37850 and 53400?
50
What is the greatest common factor of 400695 and 25?
5
Calculate the highest common divisor of 1055297 and 34427.
199
What is the highest common factor of 6253281 and 144?
9
Calculate the greatest common divisor of 3580233 and 1698.
849
Calculate the highest common divisor of 161982 and 42894.
18
What is the highest common factor of 77275 and 5839461?
281
Calculate the highest common factor of 411768 and 336.
168
Calculate the highest common divisor of 272998 and 6314.
22
What is the greatest common factor of 252261 and 1557?
9
What is the highest common factor of 280 and 5583704?
56
Calculate the highest common divisor of 22607390 and 20930.
2990
What is the greatest common factor of 4410 and 42157500?
210
What is the highest common divisor of 1968 and 164286?
6
What is the highest common divisor of 68456 and 34013?
43
Calculate the greatest common divisor of 2976600 and 10164.
1452
Calculate the greatest common divisor of 6096110 and 688.
86
Calculate the highest common factor of 13475 and 209075.
25
Calculate the greatest common factor of 808 and 18067082.
202
Calculate the greatest common divisor of 1581 and 1414128.
51
What is the highest common divisor of 66737 and 5951?
11
What is the greatest common divisor of 1829878 and 1464?
122
Calculate the greatest common divisor of 672285412 and 17464.
8732
What is the highest common divisor of 2722114 and 87?
29
What is the greatest common divisor of 355045 and 340?
85
Calculate the highest common divisor of 535837284 and 1136.
284
Calculate the highest common factor of 73767532 and 12857.
989
Calculate the highest common divisor of 25721658 and 27.
27
Calculate the greatest common factor of 2894545 and 24553.
43
What is the greatest common factor of 18273411 and 10191?
237
What is the highest common divisor of 10496 and 9680?
16
Calculate the greatest common divisor of 425175 and 2325.
75
What is the greatest common factor of 207 and 1160856?
207
Calculate the greatest common factor of 46650712 and 112768.
7048
What is the greatest common factor of 240 and 524080?
80
What is the greatest common factor of 667957360 and 560?
560
What is the greatest common factor of 6490 and 95245942?
1298
Calculate the greatest common factor of 4248 and 210407688.
4248
What is the greatest common factor of 800457 and 8883?
987
Calculate the highest common factor of 5205942 and 27650.
1106
What is the greatest common divisor of 823810 and 38870?
130
Calculate the greatest common divisor of 609 and 21224462.
203
Calculate the highest common factor of 614868 and 174.
6
Calculate the highest common divisor of 1908 and 1440063.
477
What is the greatest common divisor of 11340 and 24137820?
1260
What is the highest common divisor of 342 and 13565316?
114
What is the greatest common divisor of 920 and 46019665?
115
What is the highest common factor of 12 and 1160836?
4
What is the greatest common factor of 363285 and 10741?
23
Calculate the highest common divisor of 1436 and 342495334.
718
What is the greatest common factor of 3843 and 361?
1
Calculate the greatest common factor of 502251701 and 14.
7
Calculate the highest common divisor of 211 and 5168656.
211
Calculate the highest common divisor of 491740 and 17319.
23
What is the highest common divisor of 4044 and 14067816?
12
What is the greatest common divisor of 4226352 and 14196?
2028
Calculate the greatest common factor of 139867 and 299936.
91
Calculate the greatest common factor of 790 and 146324590.
790
Calculate the highest common factor of 145 and 3512944.
29
What is the highest common divisor of 1115226 and 95858?
2338
Calculate the highest common factor of 18417 and 18360872.
877
Calculate the highest common factor of 214 and 12064036.
214
Calculate the greatest common factor of 77117 and 2076.
1
Calculate the greatest common divisor of 5282060 and 290.
290
Calculate the greatest common divisor of 10686846 and 884.
34
What is the greatest common divisor of 26642 and 48046944?
3806
What is the highest common factor of 208971 and 474866?
749
Calculate the highest common divisor of 936183 and 369966.
939
Calculate the greatest common factor of 877884 and 242844.
588
Calculate the greatest common divisor of 74 and 343258.
2
What is the highest common factor of 774397 and 228691?
71
What is the highest common factor of 2950437 and 343?
49
What is the highest common factor of 62 and 248000093?
31
Calculate the highest common divisor of 68221522 and 11754.
1306
What is the greatest common factor of 2057 and 797319941?
2057
Calculate the greatest common divisor of 161422662 and 48806.
2122
What is the highest common factor of 485475 and 525?
75
Calculate the greatest common divisor of 2753 and 50459737.
2753
What is the greatest common divisor of 9990 and 2082?
6
What is the highest common factor of 23